{"id":49,"date":"2026-04-05T11:35:44","date_gmt":"2026-04-05T09:35:44","guid":{"rendered":"http:\/\/www.skalandconseil.com\/index.php\/services\/"},"modified":"2026-04-16T17:03:53","modified_gmt":"2026-04-16T15:03:53","slug":"services","status":"publish","type":"page","link":"https:\/\/www.skalandconseil.com\/index.php\/services\/","title":{"rendered":"Prestations"},"content":{"rendered":"\t\t<div data-elementor-type=\"wp-page\" data-elementor-id=\"49\" class=\"elementor elementor-49\" data-elementor-post-type=\"page\">\n\t\t\t\t<div class=\"elementor-element elementor-element-bfad0be e-flex e-con-boxed e-con e-parent\" data-id=\"bfad0be\" data-element_type=\"container\" data-e-type=\"container\" data-settings=\"{&quot;background_background&quot;:&quot;classic&quot;}\">\n\t\t\t\t\t<div class=\"e-con-inner\">\n\t\t\t\t<div class=\"elementor-element elementor-element-54ddf58b elementor-invisible elementor-widget elementor-widget-heading\" data-id=\"54ddf58b\" data-element_type=\"widget\" data-e-type=\"widget\" data-settings=\"{&quot;_animation&quot;:&quot;fadeIn&quot;}\" data-widget_type=\"heading.default\">\n\t\t\t\t\t<h1 class=\"elementor-heading-title elementor-size-default\">Nos prestations<\/h1>\t\t\t\t<\/div>\n\t\t\t\t\t<\/div>\n\t\t\t\t<\/div>\n\t\t<div class=\"elementor-element elementor-element-2582e5c5 e-flex e-con-boxed e-con e-parent\" data-id=\"2582e5c5\" data-element_type=\"container\" data-e-type=\"container\">\n\t\t\t\t\t<div class=\"e-con-inner\">\n\t\t<div class=\"elementor-element elementor-element-3b11c2bd e-con-full e-flex elementor-invisible e-con e-child\" data-id=\"3b11c2bd\" data-element_type=\"container\" data-e-type=\"container\" data-settings=\"{&quot;animation&quot;:&quot;slideInUp&quot;,&quot;background_background&quot;:&quot;classic&quot;,&quot;animation_delay&quot;:600}\">\n\t\t<div class=\"elementor-element elementor-element-60f48b9e e-con-full e-flex e-con e-child\" data-id=\"60f48b9e\" data-element_type=\"container\" data-e-type=\"container\">\n\t\t\t\t<div class=\"elementor-element elementor-element-7bb95ed3 elementor-widget elementor-widget-icon-box\" data-id=\"7bb95ed3\" data-element_type=\"widget\" data-e-type=\"widget\" data-widget_type=\"icon-box.default\">\n\t\t\t\t\t\t\t<div class=\"elementor-icon-box-wrapper\">\n\n\t\t\t\n\t\t\t\t\t\t<div class=\"elementor-icon-box-content\">\n\n\t\t\t\t\t\t\t\t\t<h3 class=\"elementor-icon-box-title\">\n\t\t\t\t\t\t<span  >\n\t\t\t\t\t\t\tPr\u00e9parer la cession de son entreprise\t\t\t\t\t\t<\/span>\n\t\t\t\t\t<\/h3>\n\t\t\t\t\n\t\t\t\t\n\t\t\t<\/div>\n\t\t\t\n\t\t<\/div>\n\t\t\t\t\t\t<\/div>\n\t\t\t\t<div class=\"elementor-element elementor-element-7bd15bbb elementor-widget elementor-widget-text-editor\" data-id=\"7bd15bbb\" data-element_type=\"widget\" data-e-type=\"widget\" data-widget_type=\"text-editor.default\">\n\t\t\t\t\t\t\t\t\t<p>Savez-vous combien d\u2019entreprises seront vendues dans les 10 ans qui viennent ?<\/p><p>700.000 !<\/p><p>Une entreprise non pr\u00e9par\u00e9e \u00e0 la cession ne se vendra pas, ou mal. Avant d\u2019\u00eatre mise en vente, une entreprise se doit d\u2019\u00eatre rendue cessible.<\/p><p>Nous intervenons bien en amont de la n\u00e9gociation, car notre r\u00f4le n\u2019est pas \u00e0 ce stade de trouver un repreneur.<\/p><p>Nous identifions les forces et les faiblesses de votre entreprise, et vous proposons un plan d\u2019action permettant d\u2019en optimiser la valeur, de lever les entraves \u00e0 sa transmission, et de la rendre attractive sur un march\u00e9 de la cession devenu ultra-concurrentiel.<\/p>\t\t\t\t\t\t\t\t<\/div>\n\t\t\t\t<div class=\"elementor-element elementor-element-25d53d6a elementor-align-justify elementor-widget__width-initial elementor-invisible elementor-widget elementor-widget-button\" data-id=\"25d53d6a\" data-element_type=\"widget\" data-e-type=\"widget\" data-settings=\"{&quot;_animation&quot;:&quot;fadeIn&quot;,&quot;_animation_delay&quot;:450}\" data-widget_type=\"button.default\">\n\t\t\t\t\t\t\t\t\t\t<a class=\"elementor-button elementor-button-link elementor-size-sm\" href=\"https:\/\/www.skalandconseil.com\/index.php\/services\/social-media\/\">\n\t\t\t\t\t\t<span class=\"elementor-button-content-wrapper\">\n\t\t\t\t\t\t\t\t\t<span class=\"elementor-button-text\">En savoir plus<\/span>\n\t\t\t\t\t<\/span>\n\t\t\t\t\t<\/a>\n\t\t\t\t\t\t\t\t<\/div>\n\t\t\t\t<\/div>\n\t\t<div class=\"elementor-element elementor-element-aeb7a27 e-con-full e-flex e-con e-child\" data-id=\"aeb7a27\" data-element_type=\"container\" data-e-type=\"container\" data-settings=\"{&quot;background_background&quot;:&quot;classic&quot;}\">\n\t\t\t\t<\/div>\n\t\t\t\t<\/div>\n\t\t<div class=\"elementor-element elementor-element-5a0d7aaf e-con-full e-flex elementor-invisible e-con e-child\" data-id=\"5a0d7aaf\" data-element_type=\"container\" data-e-type=\"container\" data-settings=\"{&quot;animation&quot;:&quot;slideInUp&quot;,&quot;background_background&quot;:&quot;classic&quot;}\">\n\t\t<div class=\"elementor-element elementor-element-688f427 e-con-full e-flex e-con e-child\" data-id=\"688f427\" data-element_type=\"container\" data-e-type=\"container\">\n\t\t\t\t<div class=\"elementor-element elementor-element-577c1654 elementor-widget elementor-widget-icon-box\" data-id=\"577c1654\" data-element_type=\"widget\" data-e-type=\"widget\" data-widget_type=\"icon-box.default\">\n\t\t\t\t\t\t\t<div class=\"elementor-icon-box-wrapper\">\n\n\t\t\t\n\t\t\t\t\t\t<div class=\"elementor-icon-box-content\">\n\n\t\t\t\t\t\t\t\t\t<h3 class=\"elementor-icon-box-title\">\n\t\t\t\t\t\t<span  >\n\t\t\t\t\t\t\tOptimiser sa performance \u00e9conomique\t\t\t\t\t\t<\/span>\n\t\t\t\t\t<\/h3>\n\t\t\t\t\n\t\t\t\t\n\t\t\t<\/div>\n\t\t\t\n\t\t<\/div>\n\t\t\t\t\t\t<\/div>\n\t\t\t\t<div class=\"elementor-element elementor-element-ea47ae1 elementor-widget elementor-widget-text-editor\" data-id=\"ea47ae1\" data-element_type=\"widget\" data-e-type=\"widget\" data-widget_type=\"text-editor.default\">\n\t\t\t\t\t\t\t\t\t<p>Vous travaillez dur, votre CA progresse\u2026 mais votre r\u00e9mun\u00e9ration ne suit pas. Ce n&rsquo;est pas une fatalit\u00e9. En travaillant sur 4 leviers concrets \u2014 la rentabilit\u00e9 par activit\u00e9, la politique tarifaire, la ma\u00eetrise des co\u00fbts et le pilotage de la tr\u00e9sorerie \u2014 il est possible de d\u00e9gager 1 000 \u20ac nets suppl\u00e9mentaires par mois, sans augmenter votre chiffre d&rsquo;affaires.<\/p>\t\t\t\t\t\t\t\t<\/div>\n\t\t\t\t<div class=\"elementor-element elementor-element-46d314ae elementor-align-justify elementor-widget__width-initial elementor-invisible elementor-widget elementor-widget-button\" data-id=\"46d314ae\" data-element_type=\"widget\" data-e-type=\"widget\" data-settings=\"{&quot;_animation&quot;:&quot;fadeIn&quot;,&quot;_animation_delay&quot;:450}\" data-widget_type=\"button.default\">\n\t\t\t\t\t\t\t\t\t\t<a class=\"elementor-button elementor-button-link elementor-size-sm\" href=\"https:\/\/www.skalandconseil.com\/index.php\/services\/optimiser-sa-performance-economique\/\">\n\t\t\t\t\t\t<span class=\"elementor-button-content-wrapper\">\n\t\t\t\t\t\t\t\t\t<span class=\"elementor-button-text\">En savoir plus<\/span>\n\t\t\t\t\t<\/span>\n\t\t\t\t\t<\/a>\n\t\t\t\t\t\t\t\t<\/div>\n\t\t\t\t<\/div>\n\t\t<div class=\"elementor-element elementor-element-44ddc541 e-con-full e-flex e-con e-child\" data-id=\"44ddc541\" data-element_type=\"container\" data-e-type=\"container\" data-settings=\"{&quot;background_background&quot;:&quot;classic&quot;}\">\n\t\t\t\t<\/div>\n\t\t\t\t<\/div>\n\t\t<div class=\"elementor-element elementor-element-18b03bf e-con-full e-flex elementor-invisible e-con e-child\" data-id=\"18b03bf\" data-element_type=\"container\" data-e-type=\"container\" data-settings=\"{&quot;animation&quot;:&quot;slideInUp&quot;,&quot;background_background&quot;:&quot;classic&quot;}\">\n\t\t<div class=\"elementor-element elementor-element-83c383d e-con-full e-flex e-con e-child\" data-id=\"83c383d\" data-element_type=\"container\" data-e-type=\"container\">\n\t\t\t\t<div class=\"elementor-element elementor-element-6e02269 elementor-widget elementor-widget-icon-box\" data-id=\"6e02269\" data-element_type=\"widget\" data-e-type=\"widget\" data-widget_type=\"icon-box.default\">\n\t\t\t\t\t\t\t<div class=\"elementor-icon-box-wrapper\">\n\n\t\t\t\n\t\t\t\t\t\t<div class=\"elementor-icon-box-content\">\n\n\t\t\t\t\t\t\t\t\t<h3 class=\"elementor-icon-box-title\">\n\t\t\t\t\t\t<span  >\n\t\t\t\t\t\t\tFinancer son activit\u00e9\t\t\t\t\t\t<\/span>\n\t\t\t\t\t<\/h3>\n\t\t\t\t\n\t\t\t\t\n\t\t\t<\/div>\n\t\t\t\n\t\t<\/div>\n\t\t\t\t\t\t<\/div>\n\t\t\t\t<div class=\"elementor-element elementor-element-38738e3 elementor-widget elementor-widget-text-editor\" data-id=\"38738e3\" data-element_type=\"widget\" data-e-type=\"widget\" data-widget_type=\"text-editor.default\">\n\t\t\t\t\t\t\t\t\t<p>Redresser une tr\u00e9sorerie d\u00e9ficiente peut constituer votre premier besoin. Nous pouvons vous y aider.<\/p><p>Trouver le bon financement est une \u00e9tape cl\u00e9 pour la croissance de votre entreprise. Nous analysons vos besoins, \u00e9laborons avec vous un business plan solide et identifions les solutions les plus adapt\u00e9es : pr\u00eats bancaires, subventions publiques, investisseurs ou plus simplement actions sur votre BFR.\u00a0<\/p><p>Notre intervention consiste \u00e9galement dans la mise en place d&rsquo;outils de pilotage de votre tr\u00e9sorerie, pour contr\u00f4ler le pass\u00e9, agir sur le pr\u00e9sent et anticiper le futur.<\/p>\t\t\t\t\t\t\t\t<\/div>\n\t\t\t\t<div class=\"elementor-element elementor-element-1e2e8f3 elementor-align-justify elementor-widget__width-initial elementor-invisible elementor-widget elementor-widget-button\" data-id=\"1e2e8f3\" data-element_type=\"widget\" data-e-type=\"widget\" data-settings=\"{&quot;_animation&quot;:&quot;fadeIn&quot;,&quot;_animation_delay&quot;:450}\" data-widget_type=\"button.default\">\n\t\t\t\t\t\t\t\t\t\t<a class=\"elementor-button elementor-button-link elementor-size-sm\" href=\"https:\/\/www.skalandconseil.com\/index.php\/services\/financer-son-activite\/\">\n\t\t\t\t\t\t<span class=\"elementor-button-content-wrapper\">\n\t\t\t\t\t\t\t\t\t<span class=\"elementor-button-text\">En savoir plus<\/span>\n\t\t\t\t\t<\/span>\n\t\t\t\t\t<\/a>\n\t\t\t\t\t\t\t\t<\/div>\n\t\t\t\t<\/div>\n\t\t<div class=\"elementor-element elementor-element-84de92e e-con-full e-flex e-con e-child\" data-id=\"84de92e\" data-element_type=\"container\" data-e-type=\"container\" data-settings=\"{&quot;background_background&quot;:&quot;classic&quot;}\">\n\t\t\t\t<\/div>\n\t\t\t\t<\/div>\n\t\t\t\t\t<\/div>\n\t\t\t\t<\/div>\n\t\t\t\t<\/div>\n\t\t","protected":false},"excerpt":{"rendered":"<p>Nos prestations Pr\u00e9parer la cession de son entreprise Savez-vous combien d\u2019entreprises seront vendues dans les 10 ans qui viennent ? 700.000 ! Une entreprise non pr\u00e9par\u00e9e \u00e0 la cession ne se vendra pas, ou mal. Avant d\u2019\u00eatre mise en vente, une entreprise se doit d\u2019\u00eatre rendue cessible. Nous intervenons bien en amont de la n\u00e9gociation, [&hellip;]<\/p>\n","protected":false},"author":1,"featured_media":57,"parent":0,"menu_order":0,"comment_status":"closed","ping_status":"closed","template":"elementor_header_footer","meta":{"_angie_page":false,"footnotes":""},"class_list":["post-49","page","type-page","status-publish","has-post-thumbnail","hentry"],"_links":{"self":[{"href":"https:\/\/www.skalandconseil.com\/index.php\/wp-json\/wp\/v2\/pages\/49","targetHints":{"allow":["GET"]}}],"collection":[{"href":"https:\/\/www.skalandconseil.com\/index.php\/wp-json\/wp\/v2\/pages"}],"about":[{"href":"https:\/\/www.skalandconseil.com\/index.php\/wp-json\/wp\/v2\/types\/page"}],"author":[{"embeddable":true,"href":"https:\/\/www.skalandconseil.com\/index.php\/wp-json\/wp\/v2\/users\/1"}],"replies":[{"embeddable":true,"href":"https:\/\/www.skalandconseil.com\/index.php\/wp-json\/wp\/v2\/comments?post=49"}],"version-history":[{"count":36,"href":"https:\/\/www.skalandconseil.com\/index.php\/wp-json\/wp\/v2\/pages\/49\/revisions"}],"predecessor-version":[{"id":613,"href":"https:\/\/www.skalandconseil.com\/index.php\/wp-json\/wp\/v2\/pages\/49\/revisions\/613"}],"wp:featuredmedia":[{"embeddable":true,"href":"https:\/\/www.skalandconseil.com\/index.php\/wp-json\/wp\/v2\/media\/57"}],"wp:attachment":[{"href":"https:\/\/www.skalandconseil.com\/index.php\/wp-json\/wp\/v2\/media?parent=49"}],"curies":[{"name":"wp","href":"https:\/\/api.w.org\/{rel}","templated":true}]}}